{"id":182,"date":"2026-01-05T08:43:05","date_gmt":"2026-01-05T08:43:05","guid":{"rendered":"https:\/\/seasonfashion.site\/?post_type=product&#038;p=182"},"modified":"2026-01-05T08:44:25","modified_gmt":"2026-01-05T08:44:25","slug":"182","status":"publish","type":"product","link":"https:\/\/seasonfashion.site\/index.php\/san-pham\/182\/","title":{"rendered":"\u00c1o thun &#8211; SF0298"},"content":{"rendered":"<p data-start=\"59\" data-end=\"353\">\u00c1o thun m\u00e0u n\u00e2u mang phong c\u00e1ch t\u1ed1i gi\u1ea3n, hi\u1ec7n \u0111\u1ea1i, d\u1ec5 ph\u1ed1i \u0111\u1ed3 v\u00e0 kh\u00f4ng l\u1ed7i m\u1ed1t. Ch\u1ea5t li\u1ec7u cotton m\u1ec1m m\u1ea1i, tho\u00e1ng kh\u00ed, th\u1ea5m h\u00fat m\u1ed3 h\u00f4i t\u1ed1t, mang l\u1ea1i c\u1ea3m gi\u00e1c tho\u1ea3i m\u00e1i khi m\u1eb7c h\u1eb1ng ng\u00e0y. Gam m\u00e0u n\u00e2u tr\u1ea7m \u1ea5m t\u1ea1o c\u1ea3m gi\u00e1c thanh l\u1ecbch, ph\u00f9 h\u1ee3p cho \u0111i h\u1ecdc, \u0111i ch\u01a1i ho\u1eb7c d\u1ea1o ph\u1ed1.<\/p>\n<p data-start=\"355\" data-end=\"378\"><strong data-start=\"355\" data-end=\"376\">Th\u00f4ng s\u1ed1 s\u1ea3n ph\u1ea9m<\/strong><\/p>\n<ul data-start=\"379\" data-end=\"745\">\n<li data-start=\"379\" data-end=\"417\">\n<p data-start=\"381\" data-end=\"417\"><strong data-start=\"381\" data-end=\"395\">Ch\u1ea5t li\u1ec7u:<\/strong> Cotton<\/p>\n<\/li>\n<li data-start=\"418\" data-end=\"459\">\n<p data-start=\"420\" data-end=\"459\"><strong data-start=\"420\" data-end=\"434\">Form d\u00e1ng:<\/strong> Regular fit<\/p>\n<\/li>\n<li data-start=\"460\" data-end=\"497\">\n<p data-start=\"462\" data-end=\"497\"><strong data-start=\"462\" data-end=\"473\">\u0110\u1ed9 d\u00e0y:<\/strong> M\u1ecfng v\u1eeba \u2013 tho\u00e1ng m\u00e1t<\/p>\n<\/li>\n<li data-start=\"498\" data-end=\"520\">\n<p data-start=\"500\" data-end=\"520\"><strong data-start=\"500\" data-end=\"510\">C\u1ed5 \u00e1o:<\/strong> C\u1ed5 tr\u00f2n<\/p>\n<\/li>\n<li data-start=\"521\" data-end=\"545\">\n<p data-start=\"523\" data-end=\"545\"><strong data-start=\"523\" data-end=\"534\">Tay \u00e1o:<\/strong> Tay ng\u1eafn<\/p>\n<\/li>\n<li data-start=\"546\" data-end=\"588\">\n<p data-start=\"548\" data-end=\"588\"><strong data-start=\"548\" data-end=\"560\">M\u00e0u s\u1eafc:<\/strong> N\u00e2u (chocolate)<\/p>\n<\/li>\n<li data-start=\"589\" data-end=\"617\">\n<p data-start=\"591\" data-end=\"617\"><strong data-start=\"591\" data-end=\"600\">Size:<\/strong> S \u2013 M \u2013 L \u2013 XL<\/p>\n<\/li>\n<li data-start=\"618\" data-end=\"643\">\n<p data-start=\"620\" data-end=\"643\"><strong data-start=\"620\" data-end=\"632\">Xu\u1ea5t x\u1ee9:<\/strong> Vi\u1ec7t Nam<\/p>\n<\/li>\n<li data-start=\"644\" data-end=\"745\">\n<p data-start=\"646\" data-end=\"745\"><strong data-start=\"646\" data-end=\"669\">H\u01b0\u1edbng d\u1eabn b\u1ea3o qu\u1ea3n:<\/strong> Gi\u1eb7t m\u00e1y ch\u1ebf \u0111\u1ed9 nh\u1eb9, l\u1ed9n tr\u00e1i khi gi\u1eb7t, kh\u00f4ng t\u1ea9y m\u1ea1nh, ph\u01a1i n\u01a1i tho\u00e1ng m\u00e1t<\/p>\n<\/li>\n<\/ul>\n","protected":false},"excerpt":{"rendered":"<p>\u00c1o thun m\u00e0u n\u00e2u mang phong c\u00e1ch t\u1ed1i gi\u1ea3n, hi\u1ec7n \u0111\u1ea1i, d\u1ec5 ph\u1ed1i \u0111\u1ed3 v\u00e0 kh\u00f4ng l\u1ed7i m\u1ed1t. Ch\u1ea5t li\u1ec7u cotton m\u1ec1m m\u1ea1i, tho\u00e1ng kh\u00ed, th\u1ea5m h\u00fat m\u1ed3 h\u00f4i t\u1ed1t, mang l\u1ea1i c\u1ea3m gi\u00e1c tho\u1ea3i m\u00e1i khi m\u1eb7c h\u1eb1ng ng\u00e0y. Gam m\u00e0u n\u00e2u tr\u1ea7m \u1ea5m t\u1ea1o c\u1ea3m gi\u00e1c thanh l\u1ecbch, ph\u00f9 h\u1ee3p cho \u0111i h\u1ecdc, &hellip; <\/p>\n<p class=\"link-more\"><a href=\"https:\/\/seasonfashion.site\/index.php\/san-pham\/182\/\" class=\"more-link\">\u0110\u1ecdc ti\u1ebfp<span class=\"screen-reader-text\"> &#8220;\u00c1o thun &#8211; SF0298&#8221;<\/span><\/a><\/p>\n","protected":false},"featured_media":103,"comment_status":"open","ping_status":"closed","template":"","meta":[],"product_brand":[],"product_cat":[18],"product_tag":[],"class_list":{"0":"post-182","1":"product","2":"type-product","3":"status-publish","4":"has-post-thumbnail","6":"product_cat-ao-thun","7":"entry","9":"first","10":"instock","11":"shipping-taxable","12":"purchasable","13":"product-type-simple"},"yoast_head":"<!-- This site is optimized with the Yoast SEO plugin v26.8 - https:\/\/yoast.com\/product\/yoast-seo-wordpress\/ -->\n<title>\u00c1o thun - SF0298 - Season Fashion<\/title>\n<meta name=\"robots\" content=\"index, follow, max-snippet:-1, max-image-preview:large, max-video-preview:-1\" \/>\n<link rel=\"canonical\" href=\"https:\/\/seasonfashion.site\/index.php\/san-pham\/182\/\" \/>\n<meta property=\"og:locale\" content=\"vi_VN\" \/>\n<meta property=\"og:type\" content=\"article\" \/>\n<meta property=\"og:title\" content=\"\u00c1o thun - SF0298 - Season Fashion\" \/>\n<meta property=\"og:description\" content=\"\u00c1o thun m\u00e0u n\u00e2u mang phong c\u00e1ch t\u1ed1i gi\u1ea3n, hi\u1ec7n \u0111\u1ea1i, d\u1ec5 ph\u1ed1i \u0111\u1ed3 v\u00e0 kh\u00f4ng l\u1ed7i m\u1ed1t. Ch\u1ea5t li\u1ec7u cotton m\u1ec1m m\u1ea1i, tho\u00e1ng kh\u00ed, th\u1ea5m h\u00fat m\u1ed3 h\u00f4i t\u1ed1t, mang l\u1ea1i c\u1ea3m gi\u00e1c tho\u1ea3i m\u00e1i khi m\u1eb7c h\u1eb1ng ng\u00e0y. Gam m\u00e0u n\u00e2u tr\u1ea7m \u1ea5m t\u1ea1o c\u1ea3m gi\u00e1c thanh l\u1ecbch, ph\u00f9 h\u1ee3p cho \u0111i h\u1ecdc, &hellip; \u0110\u1ecdc ti\u1ebfp &quot;\u00c1o thun &#8211; SF0298&quot;\" \/>\n<meta property=\"og:url\" content=\"https:\/\/seasonfashion.site\/index.php\/san-pham\/182\/\" \/>\n<meta property=\"og:site_name\" content=\"Season Fashion\" \/>\n<meta property=\"article:modified_time\" content=\"2026-01-05T08:44:25+00:00\" \/>\n<meta property=\"og:image\" content=\"https:\/\/seasonfashion.site\/wp-content\/uploads\/2026\/01\/z7384735514409_74929c8e9ead4315108b87b27e98a569.jpg\" \/>\n\t<meta property=\"og:image:width\" content=\"1500\" \/>\n\t<meta property=\"og:image:height\" content=\"1500\" \/>\n\t<meta property=\"og:image:type\" content=\"image\/jpeg\" \/>\n<meta name=\"twitter:card\" content=\"summary_large_image\" \/>\n<meta name=\"twitter:label1\" content=\"\u01af\u1edbc t\u00ednh th\u1eddi gian \u0111\u1ecdc\" \/>\n\t<meta name=\"twitter:data1\" content=\"1 ph\u00fat\" \/>\n<script type=\"application\/ld+json\" class=\"yoast-schema-graph\">{\"@context\":\"https:\/\/schema.org\",\"@graph\":[{\"@type\":\"WebPage\",\"@id\":\"https:\/\/seasonfashion.site\/index.php\/san-pham\/182\/\",\"url\":\"https:\/\/seasonfashion.site\/index.php\/san-pham\/182\/\",\"name\":\"\u00c1o thun - SF0298 - Season Fashion\",\"isPartOf\":{\"@id\":\"https:\/\/seasonfashion.site\/#website\"},\"primaryImageOfPage\":{\"@id\":\"https:\/\/seasonfashion.site\/index.php\/san-pham\/182\/#primaryimage\"},\"image\":{\"@id\":\"https:\/\/seasonfashion.site\/index.php\/san-pham\/182\/#primaryimage\"},\"thumbnailUrl\":\"https:\/\/seasonfashion.site\/wp-content\/uploads\/2026\/01\/z7384735514409_74929c8e9ead4315108b87b27e98a569.jpg\",\"datePublished\":\"2026-01-05T08:43:05+00:00\",\"dateModified\":\"2026-01-05T08:44:25+00:00\",\"breadcrumb\":{\"@id\":\"https:\/\/seasonfashion.site\/index.php\/san-pham\/182\/#breadcrumb\"},\"inLanguage\":\"vi\",\"potentialAction\":[{\"@type\":\"ReadAction\",\"target\":[\"https:\/\/seasonfashion.site\/index.php\/san-pham\/182\/\"]}]},{\"@type\":\"ImageObject\",\"inLanguage\":\"vi\",\"@id\":\"https:\/\/seasonfashion.site\/index.php\/san-pham\/182\/#primaryimage\",\"url\":\"https:\/\/seasonfashion.site\/wp-content\/uploads\/2026\/01\/z7384735514409_74929c8e9ead4315108b87b27e98a569.jpg\",\"contentUrl\":\"https:\/\/seasonfashion.site\/wp-content\/uploads\/2026\/01\/z7384735514409_74929c8e9ead4315108b87b27e98a569.jpg\",\"width\":1500,\"height\":1500},{\"@type\":\"BreadcrumbList\",\"@id\":\"https:\/\/seasonfashion.site\/index.php\/san-pham\/182\/#breadcrumb\",\"itemListElement\":[{\"@type\":\"ListItem\",\"position\":1,\"name\":\"Trang ch\u1ee7\",\"item\":\"https:\/\/seasonfashion.site\/\"},{\"@type\":\"ListItem\",\"position\":2,\"name\":\"C\u1eeda h\u00e0ng\",\"item\":\"https:\/\/seasonfashion.site\/\"},{\"@type\":\"ListItem\",\"position\":3,\"name\":\"\u00c1o thun &#8211; SF0298\"}]},{\"@type\":\"WebSite\",\"@id\":\"https:\/\/seasonfashion.site\/#website\",\"url\":\"https:\/\/seasonfashion.site\/\",\"name\":\"Season Fashion\",\"description\":\"\",\"publisher\":{\"@id\":\"https:\/\/seasonfashion.site\/#organization\"},\"potentialAction\":[{\"@type\":\"SearchAction\",\"target\":{\"@type\":\"EntryPoint\",\"urlTemplate\":\"https:\/\/seasonfashion.site\/?s={search_term_string}\"},\"query-input\":{\"@type\":\"PropertyValueSpecification\",\"valueRequired\":true,\"valueName\":\"search_term_string\"}}],\"inLanguage\":\"vi\"},{\"@type\":\"Organization\",\"@id\":\"https:\/\/seasonfashion.site\/#organization\",\"name\":\"Season Fashion\",\"url\":\"https:\/\/seasonfashion.site\/\",\"logo\":{\"@type\":\"ImageObject\",\"inLanguage\":\"vi\",\"@id\":\"https:\/\/seasonfashion.site\/#\/schema\/logo\/image\/\",\"url\":\"https:\/\/seasonfashion.site\/wp-content\/uploads\/2026\/01\/cropped-z7377435132739_591c3c6651a3cd29d71580a6881228e2-1.jpg\",\"contentUrl\":\"https:\/\/seasonfashion.site\/wp-content\/uploads\/2026\/01\/cropped-z7377435132739_591c3c6651a3cd29d71580a6881228e2-1.jpg\",\"width\":1045,\"height\":576,\"caption\":\"Season Fashion\"},\"image\":{\"@id\":\"https:\/\/seasonfashion.site\/#\/schema\/logo\/image\/\"}}]}<\/script>\n<!-- \/ Yoast SEO plugin. -->","yoast_head_json":{"title":"\u00c1o thun - SF0298 - Season Fashion","robots":{"index":"index","follow":"follow","max-snippet":"max-snippet:-1","max-image-preview":"max-image-preview:large","max-video-preview":"max-video-preview:-1"},"canonical":"https:\/\/seasonfashion.site\/index.php\/san-pham\/182\/","og_locale":"vi_VN","og_type":"article","og_title":"\u00c1o thun - SF0298 - Season Fashion","og_description":"\u00c1o thun m\u00e0u n\u00e2u mang phong c\u00e1ch t\u1ed1i gi\u1ea3n, hi\u1ec7n \u0111\u1ea1i, d\u1ec5 ph\u1ed1i \u0111\u1ed3 v\u00e0 kh\u00f4ng l\u1ed7i m\u1ed1t. Ch\u1ea5t li\u1ec7u cotton m\u1ec1m m\u1ea1i, tho\u00e1ng kh\u00ed, th\u1ea5m h\u00fat m\u1ed3 h\u00f4i t\u1ed1t, mang l\u1ea1i c\u1ea3m gi\u00e1c tho\u1ea3i m\u00e1i khi m\u1eb7c h\u1eb1ng ng\u00e0y. Gam m\u00e0u n\u00e2u tr\u1ea7m \u1ea5m t\u1ea1o c\u1ea3m gi\u00e1c thanh l\u1ecbch, ph\u00f9 h\u1ee3p cho \u0111i h\u1ecdc, &hellip; \u0110\u1ecdc ti\u1ebfp \"\u00c1o thun &#8211; SF0298\"","og_url":"https:\/\/seasonfashion.site\/index.php\/san-pham\/182\/","og_site_name":"Season Fashion","article_modified_time":"2026-01-05T08:44:25+00:00","og_image":[{"width":1500,"height":1500,"url":"https:\/\/seasonfashion.site\/wp-content\/uploads\/2026\/01\/z7384735514409_74929c8e9ead4315108b87b27e98a569.jpg","type":"image\/jpeg"}],"twitter_card":"summary_large_image","twitter_misc":{"\u01af\u1edbc t\u00ednh th\u1eddi gian \u0111\u1ecdc":"1 ph\u00fat"},"schema":{"@context":"https:\/\/schema.org","@graph":[{"@type":"WebPage","@id":"https:\/\/seasonfashion.site\/index.php\/san-pham\/182\/","url":"https:\/\/seasonfashion.site\/index.php\/san-pham\/182\/","name":"\u00c1o thun - SF0298 - Season Fashion","isPartOf":{"@id":"https:\/\/seasonfashion.site\/#website"},"primaryImageOfPage":{"@id":"https:\/\/seasonfashion.site\/index.php\/san-pham\/182\/#primaryimage"},"image":{"@id":"https:\/\/seasonfashion.site\/index.php\/san-pham\/182\/#primaryimage"},"thumbnailUrl":"https:\/\/seasonfashion.site\/wp-content\/uploads\/2026\/01\/z7384735514409_74929c8e9ead4315108b87b27e98a569.jpg","datePublished":"2026-01-05T08:43:05+00:00","dateModified":"2026-01-05T08:44:25+00:00","breadcrumb":{"@id":"https:\/\/seasonfashion.site\/index.php\/san-pham\/182\/#breadcrumb"},"inLanguage":"vi","potentialAction":[{"@type":"ReadAction","target":["https:\/\/seasonfashion.site\/index.php\/san-pham\/182\/"]}]},{"@type":"ImageObject","inLanguage":"vi","@id":"https:\/\/seasonfashion.site\/index.php\/san-pham\/182\/#primaryimage","url":"https:\/\/seasonfashion.site\/wp-content\/uploads\/2026\/01\/z7384735514409_74929c8e9ead4315108b87b27e98a569.jpg","contentUrl":"https:\/\/seasonfashion.site\/wp-content\/uploads\/2026\/01\/z7384735514409_74929c8e9ead4315108b87b27e98a569.jpg","width":1500,"height":1500},{"@type":"BreadcrumbList","@id":"https:\/\/seasonfashion.site\/index.php\/san-pham\/182\/#breadcrumb","itemListElement":[{"@type":"ListItem","position":1,"name":"Trang ch\u1ee7","item":"https:\/\/seasonfashion.site\/"},{"@type":"ListItem","position":2,"name":"C\u1eeda h\u00e0ng","item":"https:\/\/seasonfashion.site\/"},{"@type":"ListItem","position":3,"name":"\u00c1o thun &#8211; SF0298"}]},{"@type":"WebSite","@id":"https:\/\/seasonfashion.site\/#website","url":"https:\/\/seasonfashion.site\/","name":"Season Fashion","description":"","publisher":{"@id":"https:\/\/seasonfashion.site\/#organization"},"potentialAction":[{"@type":"SearchAction","target":{"@type":"EntryPoint","urlTemplate":"https:\/\/seasonfashion.site\/?s={search_term_string}"},"query-input":{"@type":"PropertyValueSpecification","valueRequired":true,"valueName":"search_term_string"}}],"inLanguage":"vi"},{"@type":"Organization","@id":"https:\/\/seasonfashion.site\/#organization","name":"Season Fashion","url":"https:\/\/seasonfashion.site\/","logo":{"@type":"ImageObject","inLanguage":"vi","@id":"https:\/\/seasonfashion.site\/#\/schema\/logo\/image\/","url":"https:\/\/seasonfashion.site\/wp-content\/uploads\/2026\/01\/cropped-z7377435132739_591c3c6651a3cd29d71580a6881228e2-1.jpg","contentUrl":"https:\/\/seasonfashion.site\/wp-content\/uploads\/2026\/01\/cropped-z7377435132739_591c3c6651a3cd29d71580a6881228e2-1.jpg","width":1045,"height":576,"caption":"Season Fashion"},"image":{"@id":"https:\/\/seasonfashion.site\/#\/schema\/logo\/image\/"}}]}},"jetpack_sharing_enabled":true,"_links":{"self":[{"href":"https:\/\/seasonfashion.site\/index.php\/wp-json\/wp\/v2\/product\/182","targetHints":{"allow":["GET"]}}],"collection":[{"href":"https:\/\/seasonfashion.site\/index.php\/wp-json\/wp\/v2\/product"}],"about":[{"href":"https:\/\/seasonfashion.site\/index.php\/wp-json\/wp\/v2\/types\/product"}],"replies":[{"embeddable":true,"href":"https:\/\/seasonfashion.site\/index.php\/wp-json\/wp\/v2\/comments?post=182"}],"wp:featuredmedia":[{"embeddable":true,"href":"https:\/\/seasonfashion.site\/index.php\/wp-json\/wp\/v2\/media\/103"}],"wp:attachment":[{"href":"https:\/\/seasonfashion.site\/index.php\/wp-json\/wp\/v2\/media?parent=182"}],"wp:term":[{"taxonomy":"product_brand","embeddable":true,"href":"https:\/\/seasonfashion.site\/index.php\/wp-json\/wp\/v2\/product_brand?post=182"},{"taxonomy":"product_cat","embeddable":true,"href":"https:\/\/seasonfashion.site\/index.php\/wp-json\/wp\/v2\/product_cat?post=182"},{"taxonomy":"product_tag","embeddable":true,"href":"https:\/\/seasonfashion.site\/index.php\/wp-json\/wp\/v2\/product_tag?post=182"}],"curies":[{"name":"wp","href":"https:\/\/api.w.org\/{rel}","templated":true}]}}